?
True
Is 681891797 a prime number?
True
Is 3310297 composite?
False
Is 110857 a composite number?
True
Is 320741833 a composite number?
True
Is 31836653 composite?
False
Is 3175397 a prime number?
False
Is 24227807 composite?
False
Is 5323139 composite?
False
Is 48976943 composite?
False
Is 84428317 prime?
False
Is 5854918 prime?
False
Is 1990753 prime?
True
Is 2605979 prime?
True
Is 23550563 composite?
False
Is 1477027 composite?
False
Is 41046353 prime?
True
Is 7684945 composite?
True
Is 1324493 a prime number?
False
Is 4684747 a composite number?
True
Is 2105921 composite?
False
Is 122414953 a composite number?
False
Is 10303031 composite?
True
Is 5335529 a prime number?
True
Is 311927687 prime?
True
Is 7590163 a composite number?
True
Is 3448933 composite?
False
Is 69352226 a composite number?
True
Is 3893459 composite?
True
Is 20567971 prime?
True
Is 60906997 a prime number?
False
Is 4979101 prime?
True
Is 16768939 a prime number?
False
Is 30083777 a prime number?
True
Is 1500229 prime?
True
Is 1781173 composite?
False
Is 6355879 a composite number?
False
Is 30903361 a composite number?
False
Is 3468097 prime?
True
Is 78514741 composite?
False
Is 12092407 composite?
False
Is 9600743 composite?
False
Is 19584283 prime?
False
Is 15575081 composite?
False
Is 6584637 a composite number?
True
Is 4082801 a prime number?
False
Is 318975443 composite?
False
Is 560383 a prime number?
False
Is 13810711 a prime number?
True
Is 801624651 composite?
True
Is 385109 a prime number?
True
Is 49198547 a composite number?
False
Is 142581739 composite?
False
Is 471474127 a composite number?
False
Is 20755103 composite?
True
Is 2138651 a prime number?
False
Is 4393658 prime?
False
Is 25528967 a prime number?
True
Is 36747517 a prime number?
True
Is 623521 composite?
False
Is 200508667 a prime number?
True
Is 1037055379 a prime number?
True
Is 223616267 a composite number?
True
Is 1131267974 prime?
False
Is 920701 prime?
True
Is 3216821 a composite number?
True
Is 38281 a composite number?
False
Is 775374917 prime?
False
Is 60187879 a composite number?
False
Is 30177179 composite?
True
Is 2262485 a prime number?
False
Is 2654447 composite?
False
Is 130771 a prime number?
False
Is 1116631 a composite number?
False
Is 13420805 a prime number?
False
Is 22941049 a composite number?
False
Is 2431367 a composite number?
False
Is 21169699 composite?
False
Is 2356001 a composite number?
False
Is 252623129 composite?
True
Is 8317249 a prime number?
False
Is 3117713 prime?
True
Is 5028011 composite?
False
Is 25099873 composite?
False
Is 422783 prime?
False
Is 59516219 a prime number?
False
Is 836894 prime?
False
Is 354729407 composite?
True
Is 12236111 a prime number?
True
Is 6747467 a prime number?
True
Is 4495927 prime?
False
Is 1271903 a composite number?
False
Is 102154601 a composite number?
False
Is 7686179 a composite number?
False
Is 904837 a prime number?
False
Is 2259851 composite?
True
Is 398300827 composite?
True
Is 149469374 a prime number?
False
Is 4715497 prime?
True
Is 385501 a prime number?
True
Is 10885189 a prime number?
False
Is 17615561 a prime number?
True
Is 999521 a prime number?
True
Is 250063993 a composite number?
True
Is 9364591 prime?
True
Is 1204561 prime?
True
Is 1727507 a prime number?
False
Is 78185831 composite?
True
Is 445916881 composite?
False
Is 1293711 composite?
True
Is 6075499 prime?
False
Is 1554823 prime?
False
Is 19438477 a composite number?
False
Is 371863 a composite number?
True
Is 199399 composite?
False
Is 6526057 a prime number?
True
Is 9315763 composite?
False
Is 5642839 prime?
True
Is 37608497 prime?
False
Is 14764801 a prime number?
True
Is 239200565 prime?
False
Is 7599349 a composite number?
False
Is 22811809 composite?
False
Is 2478431 a prime number?
False
Is 31360535 prime?
False
Is 2166033 a composite number?
True
Is 9005277 a prime number?
False
Is 122818 composite?
True
Is 12475679 a composite number?
True
Is 16881127 a prime number?
False
Is 45313649 a prime number?
True
Is 766974993 prime?
False
Is 417479 a composite number?
False
Is 10087741 prime?
False
Is 6980069 a prime number?
True
Is 69943487 a composite number?
False
Is 108429305 a composite number?
True
Is 17887487 composite?
True
Is 196001627 prime?
True
Is 1337227 composite?
False
Is 6069347 a prime number?
False
Is 235197967 a composite number?
False
Is 20164429 a prime number?
True
Is 1508355665 composite?
True
Is 9105799 a prime number?
False
Is 58603003 a composite number?
True
Is 1375637 a prime number?
True
Is 5537011 a composite number?
False
Is 286323229 a prime number?
True
Is 99103181 composite?
False
Is 712003 composite?
True
Is 103779139 prime?
False
Is 56724711 a prime number?
False
Is 124001 prime?
True
Is 145283 a prime number?
True
Is 1801853 composite?
False
Is 98516267 prime?
False
Is 466763 composite?
True
Is 275837 a composite number?
False
Is 357354493 prime?
True
Is 240641 a prime number?
True
Is 48812921 a composite number?
True
Is 2257223 a prime number?
False
Is 18164221 composite?
False
Is 73884527 a prime number?
True
Is 5617177 a composite number?
True
Is 132819278 a prime number?
False
Is 34949815 a composite number?
True
Is 79649171 composite?
True
Is 1757541 composite?
True
Is 23656019 prime?
True
Is 907157 a composite number?
True
Is 33996857 a composite number?
False
Is 16125689 composite?
False
Is 3731207 a prime number?
True
Is 45936881 a composite number?
False
Is 6529463 composite?
False
Is 69235531 prime?
False
Is 5513623 prime?
True
Is 15742813 a composite number?
True
Is 1692503 composite?
True
Is 12672691 composite?
False
Is 4032877 prime?
True
Is 2871937 composite?
False
Is 2069755 a prime number?
False
Is 261504593 a composite number?
True
Is 2003393 composite?
True
Is 1240307 a prime number?
True
Is 22999 prime?
False
Is 7415189 composite?
True
Is 555060323 a prime number?
True
Is 82234277 composite?
False
Is 2350483 a composite number?
False
Is 520717643 a prime number?
True
Is 923007 prime?
False
Is 163237 a prime number?
False
Is 106202051 composite?
False
Is 74672861 composite?
False
Is 2124814 prime?
False
Is 18132607 a composite number?
True
Is 121559341 a prime number?
True
Is 1005199 composite?
True
Is 5713117 prime?
True
Is 5157951 a composite number?
True
Is 24369549 prime?
False
Is 72763673 prime?
False
Is 124229947 a composite number?
False
Is 19559201 prime?
True
Is 104662547 a prime number?
False
Is 420705897 prime?
False
Is 52018099 composite?
True
Is 974531 composite?
False
Is 898111 a composite number?
True
Is 4622209 prime?
True
Is 10656853 a prime number?
False
Is 316222799 composite?
False
Is 7883009 a prime number?
True
Is 870163 a prime number?
False
Is 155172071 a composite number?
False
Is 2263099 a composite number?
False
Is 3539687 a prime number?
True
Is 531485521 a composite number?
True
Is 171121 prime?
False
Is 7052183 a composite number?
True
Is 11954557 prime?
True
Is 1468447 prime?
True
Is 268556711 a prime number?
True
Is 141146114 a prime number?
False
Is 2586871 composite?
True
Is 169852841 prime?
True
Is 895391 prime?
False
Is 55248961 a composite number?
False
Is 197156389 a composite number?
False
Is 199841669 composite?
False
Is 85471 prime?
False
Is 7708157 a prime number?
False
Is 9606489 composite?
True
Is 828349 a prime number?
True
Is 30591497 a prime number?
True
Is 3627497 a prime number?
False
Is 9016721 prime?
False
Is 160450145 a composite number?
True
Is 3077713 composite?
True
Is 5055863 prime?
False
Is 4026259 a prime number?
True
Is 73815601 a prime number?
False
Is 4060033 a prime number?
False
Is 4763359 composite?
False
Is 897019 a prime number?
True
Is 60283247 a composite number?
False
Is 43765979 prime?
True
Is 15220861 a prime number?
True
Is 11969719 a composite number?
True
Is 4219909 a prime number?
True
Is 108454021 composite?
True
Is 6339989 a composite number?
False
Is 1018163 composite?
True
Is 19725983 composite?
False
Is 157843529 a composite number?
True
Is 398873 composite?
True
Is 3158231 a composite number?
True
Is 13460149 a composite number?
False
Is 530837 composite?
False
Is 2065673 a composite number?
True
Is 5632933 a prime number?
False
Is 1972889 a composite number?
False
Is 8223863 composite?
False
Is 310169 a composi